e h(1).
-9
Let r(x) = -x**3 + x**2 - 2*x - 2. Determine r(0).
-2
Let z(m) = 2*m**2 - 36*m - 34. Determine z(19).
4
Let y(o) = 3*o + 4. Determine y(1).
7
Let h(y) = -y**3 - 6*y**2 - 16*y - 9. Give h(-6).
87
Let o(t) = -t**3 - 2*t**2 - 5*t - 29. Determine o(-3).
-5
Let l(k) = -k**2 - 4*k. What is l(5)?
-45
Let a(p) = 3*p**2 - 4*p - 1. What is a(-1)?
6
Let a(u) = u**3 + u**2 - u - 2. Calculate a(2).
8
Let r(p) = -15*p - 83. Calculate r(-9).
52
Let p(f) = -f**2 + 54*f - 289. What is p(48)?
-1
Let v(m) = 6*m - 1. Determine v(19).
113
Let h(c) = c**3 + 21*c**2 - 45*c + 29. What is h(-23)?
6
Let h(u) = -34*u + 612. What is h(18)?
0
Let q(x) = x**3 + 4*x**2 - x - 5. Calculate q(-3).
7
Let i(o) = -o**2 - 7*o - 9. What is i(-6)?
-3
Let p(r) = r + 23. What is p(-18)?
5
Let q(n) = -n**2 + 16. Give q(11).
-105
Let z(i) = i**2 + i - 58. Determine z(0).
-58
Let l(u) = -u**2 + 8*u + 17. Calculate l(-3).
-16
Let i(d) = 2*d + 27. Give i(-12).
3
Let i(l) = -l**2 - 2*l + 4. Give i(3).
-11
Let y(w) = -w**3 + 14*w**2 + 16*w - 15. Determine y(15).
0
Let r(v) = v - 11. Calculate r(-3).
-14
Let o(j) = -37*j**3 + j**2 - j. What is o(1)?
-37
Let r(j) = -j**3 - 9*j**2 - 6*j + 18. What is r(-8)?
2
Let y(l) = -2*l**3 - 8*l**2 + 7*l - 2. Calculate y(1).
-5
Let c(f) = 4*f**2 - 4*f + 6. Determine c(1).
6
Let k(b) = -b**3 + 12*b**2 - 3*b + 6. What is k(12)?
-30
Let u(t) = -t**2 - 4*t. Give u(-2).
4
Let z(l) = l**3 + 14*l**2 - 31*l + 17. Determine z(-16).
1
Let a(o) = o**3 - 14*o**2 + 3*o - 35. Give a(14).
7
Let v(o) = o**3 + 10*o**2 + 11*o + 13. What is v(-9)?
-5
Let j(l) = -l**2 + 18*l + 3. What is j(5)?
68
Let p(f) = f**2 - 54*f + 434. Calculate p(44).
-6
Let g(h) = 13*h + 2. Calculate g(1).
15
Let w(m) = -m + 6. Determine w(12).
-6
Let f(t) = -7*t**3 + 12*t**2 + 3*t - 4. Give f(2).
-6
Let i(a) = 7*a + 64. Give i(-9).
1
Let y(v) = -2*v**2 + 15*v - 9. Give y(7).
-2
Let k(p) = p**3 - 5*p**2 + 4*p - 6. What is k(3)?
-12
Let l(f) = -2*f**2 - 11*f + 8. Calculate l(-6).
2
Let h(d) = -d**2 - 2*d + 4. What is h(-2)?
4
Let z(l) = l**3 + 16*l**2 + 26*l - 24. Give z(-14).
4
Let f(i) = -6*i**3 - 59*i**2 - 43*i + 17. Determine f(-9).
-1
Let d(w) = 158*w + 473. Calculate d(-3).
-1
Let c(x) = -x**3 + 6*x**2 - 3*x + 4. Determine c(6).
-14
Let c(p) = -40*p**2 + p - 1. Give c(1).
-40
Let h(c) = -2*c - 1. What is h(11)?
-23
Let b(v) = 7*v - 55. What is b(8)?
1
Let r(j) = -j**2 + 17*j + 23. Determine r(20).
-37
Let x(c) = -2*c**2 + 12*c - 2. What is x(6)?
-2
Let m(r) = -2*r**2 - r + 1. Give m(-3).
-14
Let n(z) = -7*z - 24. What is n(-6)?
18
Let c(l) = -12*l**2 + 2*l - 1. Calculate c(1).
-11
Let c(i) = i**2 + 6*i + 3. Give c(-10).
43
Let r(g) = -9*g + 1. Determine r(-3).
28
Let s(g) = 4*g**2 + g. Give s(-1).
3
Let d(t) = t**3 + 2*t**2 + 5*t - 2. Give d(-4).
-54
Let v(f) = 4*f - 7. Give v(7).
21
Let u(m) = m**3 - m**2 - 19*m + 30. Calculate u(4).
2
Let j(p) = p**3 + 9*p**2 + 3*p + 10. Determine j(-9).
-17
Let u(j) = 7*j + 50. Determine u(-7).
1
Let x(n) = 3*n - 14. Determine x(3).
-5
Let z(k) = k**2 - 21*k - 353. Calculate z(-11).
-1
Let u(q) = -q - 8. Give u(-10).
2
Let f(z) = z**3 - 5*z**2 + 3*z + 3. What is f(4)?
-1
Let u(x) = -x**2 + 15*x - 18. Calculate u(14).
-4
Let l(u) = -u**2 - 5*u + 13. Calculate l(-7).
-1
Let m(w) = -w**3 + w**2 - w - 4. What is m(0)?
-4
Let r(i) = i**3 - 2*i**2 + 8*i - 14. Calculate r(3).
19
Let f(m) = m**3 + 8*m**2 + 4*m + 3. Determine f(-7).
24
Let b(z) = 51*z**2 - 2*z + 3. Determine b(1).
52
Let v(p) = -15*p - 459. Calculate v(-31).
6
Let o(t) = -3*t - 5. Determine o(-4).
7
Let w(z) = 2*z**3 - 52*z**2 + 5*z - 115. Calculate w(26).
15
Let f(v) = v**2 + 8*v + 8. What is f(-4)?
-8
Let y(h) = -3*h + 6. Give y(-5).
21
Let w(b) = b + 25. What is w(9)?
34
Let k(w) = -w**3 - 10*w**2 - 17*w + 3. What is k(-8)?
11
Let o(w) = -2*w**3 + 4*w**2 + 4*w + 8. What is o(4)?
-40
Let w(h) = 5*h**3 + 1. Determine w(1).
6
Let k(w) = 50*w - 1. What is k(1)?
49
Let w(b) = -9*b**2 + 2*b + 2. Give w(-2).
-38
Let o(j) = -j**3 - 19*j**2 + 26*j + 106. Calculate o(-20).
-14
Let w(m) = -11*m + 28. Calculate w(3).
-5
Let q(p) = -5*p**3 - p**2 + p. Give q(-2).
34
Let c(k) = 10*k - 8. Give c(4).
32
Let p(m) = -m**2 + 10*m + 15. What is p(11)?
4
Let u(n) = -5*n**2 + 1. Calculate u(-1).
-4
Let w(y) = -7*y - 20. Give w(6).
-62
Let n(j) = -j**3 + 5*j**2 + 12*j + 22. Calculate n(7).
8
Let s(p) = -7*p - 5. What is s(1)?
-12
Let y(v) = v + 2. Determine y(-7).
-5
Let z(v) = -8*v - 66. Give z(-8).
-2
Let a(n) = -9*n + 39. Determine a(5).
-6
Let l(y) = -2*y**3 + 27*y**2 - 11*y - 16. Give l(13).
10
Let g(j) = j**3 - 8*j**2 + 2*j + 37. Calculate g(7).
2
Let k(x) = 3*x + 3. Give k(1).
6
Let y(a) = -2*a + 8. What is y(5)?
-2
Let c(f) = 13*f + 13. Give c(2).
39
Let a(x) = -2*x**2 - 3*x + 8. Determine a(2).
-6
Let o(v) = -v**3 + 8*v**2 + 45*v - 252. Give o(10).
-2
Let v(p) = -p**3 - 17*p**2 + 19*p + 18. Determine v(-18).
0
Let p(m) = m**2 + 10*m - 17. What is p(-12)?
7
Let u(n) = n**3 - 11*n**2 - 11*n - 6. Give u(12).
6
Let q(y) = y**2 + 9*y + 3. Determine q(-6).
-15
Let s(z) = 13*z - 28. What is s(-10)?
-158
Let u(l) = l - 29. Calculate u(18).
-11
Let f(w) = -3*w - 16. Give f(-11).
17
Let w(l) = -7*l**3 + 3*l**2 - l - 2. Give w(2).
-48
Let l(d) = 171*d + 1026. Calculate l(-6).
0
Let x(l) = 10*l**3 + 1. Calculate x(1).
11
Let h(s) = s**2 - s + 28. What is h(0)?
28
Let i(r) = 12*r - 69. Calculate i(4).
-21
Let t(b) = -10*b**2 + 1. Determine t(-2).
-39
Let r(s) = s**3 + 2*s**2 + s - 2. What is r(-2)?
-4
Let b(o) = -2*o**3 + 2*o**2 - 5*o + 1. Determine b(3).
-50
Let d(v) = 2*v**2 + v - 1. Give d(-2).
5
Let r(q) = 4*q**2 - q - 2. Calculate r(4).
58
Let p(l) = l - 4. What is p(-10)?
-14
Let x(q) = -q**3 + 10*q**2 + 4*q - 2. Give x(10).
38
Let b(d) = -d - 34. Determine b(-37).
3
Let x(t) = t**3 + 3*t**2 - 4*t - 3. Calculate x(-3).
9
Let b(q) = -9*q - 2. Determine b(4).
-38
Let r(p) = p**3 - 9*p**2 + 20*p - 5. Determine r(6).
7
Let n(z) = -z**3 + 5*z**2 + 8*z - 5. Calculate n(6).
7
Let i(w) = 14*w**3 + w**2 - 4*w. What is i(-2)?
-100
Let b(w) = 14*w**3 + 2*w**2 - 3*w + 2. What is b(1)?
15
Let h(a) = -10*a + 74. Give h(9).
-16
Let g(v) = -v**3 + 5*v**2 + 7*v + 44. What is g(7)?
-5
Let b(x) = x**2 + 6*x + 2. What is b(-5)?
-3
Let a(s) = 6*s**3 + 5*s**2 + 2*s - 2. Calculate a(-3).
-125
Let q(k) = 2*k**2 - 30*k - 28. What is q(16)?
4
Let q(u) = -4*u**2 + 29*u - 41. What is q(6)?
-11
Let l(n) = -n**3 - 4*n**2 - 13*n + 12. Determine l(-6).
162
Let p(c) = -12*c - 8. What is p(-2)?
16
Let y(o) = -o**2 - 3*o - 1. Give y(5).
-41
Let x(c) = -5*c - 10. What is x(-4)?
10
Let f(b) = 10*b + 149. What is f(-15)?
-1
Let z(p) = -4*p**2 - 152*p + 32. Determine z(-38).
32
Let q(l) = -l**3 - 5*l**2 - 9*l + 9. What is q(-5)?
54
Let m(s) = s**2 + 100*s + 1878. Calculate m(-25).
3
Let r(j) = 7*j**3 + j**2 + 3. What is r(2)?
63
Let j(a) = -2*a**2 - a. Determine j(-1).
-1
Let v(t) = 9*t**2 + t - 2. What is v(1)?
8
Let w(d) = d**3 - 12*d**2 - d - 10. Determine w(11).
-142
Let f(x) = x**2 + 24*x + 42. What is f(-24)?
42
Let f(x) = x**2 + 18*x - 69. Calculate f(-16).
-101
Let r(p) = -9*p + 6. Determine r(3).
-21
Let z(b) = -b**3 - 6*b**2 - 6*b + 4. What is z(-5)?
9
Let w(v) = v**3 - 7*v**2 - 8*v + 1. Calculate w(6).
-83
Let g(b) = 7*b + 2. Give g(-3).
-19
Let x(f) = 2*f**2 - 46*f + 38. Give x(22).
-6
Let n(y) = 22*y**3 + 7*y**2 + 6*y + 4. Calculate n(-2).
-156
Let h(s) = 2*s**3 + 4*s**2 + 2*s - 3. Give h(2).
33
Let z(t) = 4*t**2 + 31*t + 17. Determine z(-7).
-4
Let q(o) = o**3 + 8*o**2 + o + 11. Calculate q(-8).
3
Let a(p) = -3*p - 5. What is a(-1)?
-2
Let l(o) = -o**3 - 14*o**2 - 5*o - 70. Give l(-14).
0
Let v(j) = -j**3 + 5*j**2 + 5*j + 1. What is v(6)?
-5
Let k(j) = 4*j**3 - j**2 - 2*j - 1. What is k(-2)?
-33
Let k(p) = -p**2 + 6*p - 3. Calculate k(9).
-30
Let v(g) = g**3 + 5*g**2 + 5*g - 1. Calculate v(-4).
-5
Let w(j) = j**3 + 6*j**2 - 6*j - 1. What is w(-7)?
-8
Let q(w) = 28*w**3 - 5*w**2 + 3*w. Calculate q(2).
210
Let a(o) = 4*o + 12. What is a(-8)?
-20
Let c(k) = k - 2. Calculate c(0).
-2
Let h(q) = q**2 - 26*q + 170. Determine h(11).
5
Let m(u) = -5*u**2 - 15*u - 16. Determine m(-2).
-6
Let g(i) = 2*i + 27. Determine g(-13).
1
Let y(x) = 3*x**2 + 11*x + 2. Calculate y(-3).
-4
Let m(p) = p**3 + 11*p**2 - 2*p - 5. What is m(-11)?
17
Let 